et g(m) = 2*m + 2. What is the units digit of g(d)?
6
Let x = 9 + -5. Suppose -b + 4*q = -3, 2*b + 2*q - 6 = x*q. Suppose -28 = h - b*h. What is the units digit of h?
4
Let b(k) = -k**3 - 4*k**2 + 6*k + 9. Let z be b(-6). Suppose -4*q = -4*h - 44, z = 5*q - 4*h + h. What is the units digit of (2/(-3))/(q/(-36))?
4
Let h(b) be the third derivative of b**7/2520 + b**6/720 + b**5/24 + b**4/12 - b**2. Let o(k) be the second derivative of h(k). What is the units digit of o(0)?
5
Let n(w) be the third derivative of 0 + 1/3*w**3 + 0*w - 1/8*w**4 - w**2. What is the units digit of n(-2)?
8
Let b(r) = r + 11. What is the units digit of b(2)?
3
Suppose 2*m - 561 = -119. What is the hundreds digit of m?
2
Let g(j) = -4*j - 21. Suppose 0 = d + 1 + 13. What is the tens digit of g(d)?
3
Let g = -10 - -13. Let i be (-2)/4*(1 + 25). What is the units digit of (-6)/(-9) - i/g?
5
What is the tens digit of 2/3 - (2656/12)/(-4)?
5
Let c(r) = -9*r - 2. Let m = -3 + 1. What is the units digit of c(m)?
6
Let c(w) = 30*w**2 + 6*w - 1. What is the hundreds digit of c(2)?
1
Suppose 0*p = -2*p - 4. Let h be 19 - 9/(-6)*p. Let t = -7 + h. What is the units digit of t?
9
Let h(k) = k**3 - 3*k**2 - 4*k - 4. What is the units digit of h(5)?
6
Let t(c) = 3*c + 2. What is the units digit of t(9)?
9
Suppose -4*l + 0 = 4. Let h be ((-1)/2)/(l/(-2)). What is the units digit of 0 - (h + 0)/1?
1
Let c be (-116)/(-3)*3/(-2). Let i = c + 91. What is the units digit of i?
3
Let u = 1 - -25. What is the units digit of u?
6
Suppose 0 = 5*l - 3*r - 181, l + 3*l = r + 149. What is the units digit of l?
8
Let i(l) = -111*l + 2. What is the units digit of i(-1)?
3
Let w(a) = a**2 + 9*a + 20. What is the tens digit of w(-8)?
1
Suppose 4*u = 153 + 31. Suppose -4*r = -2*x - u, -r - r - 3*x + 11 = 0. What is the tens digit of r?
1
Let b = -133 - -225. What is the units digit of b?
2
Let z(p) = -p - 1. Let u be z(0). Let l = u - -12. What is the tens digit of l?
1
Suppose 5*a = 5*p + 870, -5*p - 442 = -4*a + 253. What is the tens digit of a?
7
Let l(n) = -2*n + 37. What is the units digit of l(7)?
3
Let m = 5 + -2. Suppose m*x = b + 4*b - 29, b + 4*x = -8. Suppose 0*l + f = 5*l - 50, -2*l = b*f - 20. What is the units digit of l?
0
Suppose -n + 3*f = -14 + 2, -6 = n + 3*f. Suppose 4 = -2*p, 138 = n*z + z - 5*p. Suppose 4*a + 8 = z. What is the units digit of a?
6
Let d = -3 + 15. What is the units digit of d?
2
Let b(d) be the third derivative of 0 + 1/6*d**4 + 1/2*d**3 + 0*d + 2*d**2 - 1/60*d**5. What is the units digit of b(4)?
3
Let k(n) = -n**3 + n - 1. Let g(c) = 6*c**3 + 6*c**2 - 5*c + 2. Let o(a) = g(a) + 5*k(a). What is the units digit of o(-5)?
2
Let k = -6 + 10. Suppose 4*t = k*v - 156, 3*v - 5*t = 11 + 106. What is the tens digit of v?
3
Let p(b) = 1768*b. Let o be p(1). What is the units digit of o/56 - 4/7?
1
Suppose -5*w + 2*c + 549 = 0, 0*c - 212 = -2*w - 3*c. What is the tens digit of w?
0
Suppose 0 = -3*r + 4*j + 149, -2*r + 5*j = -85 - 12. What is the units digit of r?
1
Suppose -6*b = -86 - 244. What is the units digit of b?
5
Suppose 5*t = 3*j - 4*j + 26, 5*j + 4*t = 88. Suppose j = -2*q + 4*q. What is the units digit of q?
8
Suppose -592 = -2*p - 2*v, 5*p - 4*v - 1480 = -2*v. What is the units digit of p?
6
Suppose 3*y - 5*y = -80. What is the tens digit of y?
4
Suppose -5*h + 1 = 2*w - 0, -3*h - 3 = 0. Suppose -2*o + 44 = w*k + 3*o, -5*o - 8 = -k. What is the units digit of k?
3
Let a(l) = -l**2 - 21*l + 6. What is the units digit of a(-15)?
6
Let z(v) = -v**3 + v**2 + v + 4. Let l be z(3). Let q(d) = -d + 3. What is the units digit of q(l)?
4
What is the tens digit of (-2)/5 + 4518/45?
0
Let q be 0 - -4 - (-6)/(-3). Suppose -q*f + 1 = -3. Suppose -4*a + 4 = -2*r, -3 = -a - f*r - 2. What is the units digit of a?
1
Suppose 4*u = i + 2*i + 16, 0 = 3*u + 4*i + 13. What is the units digit of u?
1
Let f = -378 - -635. What is the hundreds digit of f?
2
Suppose -10*d - 761 + 3451 = 0. What is the tens digit of d?
6
Let o = 19 + 7. What is the units digit of o?
6
Let t(n) = -7*n + 5. What is the tens digit of t(-6)?
4
Suppose b = -3*b + 128. What is the units digit of b?
2
Let o = 37 + 16. Let i = o + -36. What is the units digit of i?
7
Let p(b) = b**2 - 6*b + 4. Let k be p(6). Suppose 5 = k*u - 27. What is the units digit of u?
8
Let n be 1*4*1/2. Suppose 2*b - 2*l - 62 = 0, 3*l - 4*l + 50 = n*b. Let f = b + -18. What is the units digit of f?
9
Suppose v = 4*g + 10, 0 = 2*v + v - g - 8. Suppose 2*n - 30 = q, -3*q + 53 = v*n + 3*n. Let i = n + -4. What is the units digit of i?
9
Let i = -1 - -5. What is the units digit of 9*(-2)/(i/(-2))?
9
Suppose -6*a = -9*a + 468. What is the tens digit of a?
5
Suppose -h - h = -80. Suppose 0 = 5*c - 10 - h. What is the tens digit of c?
1
Suppose y - 2*l = -4*l - 8, 0 = -4*y - 5*l - 17. Suppose y*k = 57 - 13. What is the units digit of (2 - k/4)*-2?
7
Suppose 12 = -2*k + 16. What is the units digit of k?
2
Suppose -30 = -3*j + 756. What is the units digit of j?
2
Let m = 1 + 10. Suppose -p + m = -1. What is the tens digit of p?
1
Let a = 54 - 23. What is the tens digit of a?
3
Let t be (-2)/(-8) - (-15)/4. Suppose -9 = -2*y - 3*y - t*x, 2*y + 5*x = -10. What is the units digit of y?
5
Suppose 8*z - 10*z = -68. What is the units digit of z?
4
Let m(i) = 2*i**3 + 19*i**2 + 4*i + 11. Let l(p) = -12*p**2 + 2*p**2 + 0 - p**3 + 1 - 7 - 2*p. Let f(q) = -5*l(q) - 3*m(q). What is the tens digit of f(-7)?
1
Let k = 1 + -1. Let c(y) = y + 7. What is the units digit of c(k)?
7
Suppose -4*j = 5*u - 34, -2*u + 4*j + 41 = 5. Suppose 0 = -10*p + 5*p + u. What is the units digit of (-2 - p) + 2 - -9?
7
Let j(c) = c**3 + 4*c**2 + 6*c + 6. Let z be j(-4). What is the units digit of (-1 + (-2)/(-4))*z?
9
Let n be 338/6 - (-12)/18. Suppose 3*z - n = -12. What is the units digit of z?
5
Suppose -9*g - 2 + 200 = 0. What is the units digit of g?
2
Let f(q) = q**3 + 3*q**2 - q - 2. Let y = -2 + -1. Let j be f(y). Let v = j + 0. What is the units digit of v?
1
Suppose r = 1 - 0. Let o = 19 + r. Let l = o + -12. What is the units digit of l?
8
Let n = 419 - 294. What is the tens digit of n?
2
Suppose 79 = 4*a + 5*r, 4*r = -2*a + a + 17. What is the units digit of a?
1
Suppose 0 = b + b - 4*f - 22, 2*f = 2*b - 14. What is the units digit of b?
3
Let y = 28 + -14. Let g = y + -8. What is the units digit of ((-8)/g)/((-4)/24)?
8
What is the tens digit of 4*-1 + 676/13?
4
Let h(q) = -q**3 + 11*q**2 - 9*q - 12. Let r be h(10). Let a = r + 4. Suppose a*d - 4 = d, 4*i - 76 = -4*d. What is the units digit of i?
5
Let p(v) = v - 1. Let g(h) = -2*h + 1. Let o be g(-2). Let s be p(o). Suppose -s*r + 2*r = c - 6, -14 = -3*c - 4*r. What is the units digit of c?
2
Suppose 5*b = -u + 14, -3*b - 5*u = -2*u - 18. What is the units digit of b/(-3) - (-44)/3?
4
Suppose -14 - 1 = -5*j. Suppose j*f = 8 - 2. What is the units digit of f?
2
Suppose 10*u = -2*u + 492. What is the units digit of u?
1
Suppose -2*m + 4*c = -14, 3*c + 38 = 4*m - 0*c. What is the units digit of m?
1
Suppose -1134 = 5*m - 11*m. What is the hundreds digit of m?
1
What is the units digit of (7/14)/(1/34)?
7
Let k(y) be the first derivative of -y**3/3 - 5*y**2 + 9*y - 1. What is the units digit of k(-10)?
9
Let w = 4 + -4. Suppose 15 = r + 5*b, 8*r - 5*r + 5*b - 25 = w. Let v = -2 + r. What is the units digit of v?
3
Let n(b) = -b + 5. Let r be n(0). Suppose -3*k - 5*f + 0*f + 6 = 0, 3*k - 6 = r*f. Suppose -k*u - 8 = -32. What is the units digit of u?
2
Let m be 0/(1 + 0 + -2). Let r = 22 + m. What is the units digit of r?
2
Let a be 3 + (1 - 1) - -1. Suppose a*b = 7*b. Suppose -s + 10 + b = 0. What is the units digit of s?
0
Let y(x) = -x**3 - 3*x**2 + 4*x - 1. Let i be y(-3). Let m = i + 31. What is the units digit of m?
8
Let l(a) = a**3 + 5*a**2 + a - 6. Let q be l(-5). Let c be (-3)/(-1) + (q - -4). What is the units digit of (6/c + -2)*-2?
7
Suppose -5*j = -l - 21, 7*l = 4*l - 3. What is the units digit of j?
4
Suppose -16*r = -17*r + 51. What is the tens digit of r?
5
Suppose r + 4*d = 3, -r + 4*r = d - 4. Let h be -3*(1 - r/(-3)). What is the units digit of 0 - (-4)/(h + 3)?
4
Let r(d) = -3*d - 1. Let c be r(-3). Let p = c - 34. Let b = p - -44. What is the tens digit of b?
1
Suppose 5*y + 2*x - 850 = 7*x